{"id":6,"date":"2015-08-19T09:10:31","date_gmt":"2015-08-19T09:10:31","guid":{"rendered":"http:\/\/ecoenergy.ancorathemes.com\/?page_id=6"},"modified":"2024-04-23T17:02:19","modified_gmt":"2024-04-23T17:02:19","slug":"homepage","status":"publish","type":"page","link":"https:\/\/www.ccelektro.hu\/","title":{"rendered":"Kezd\u0151lap"},"content":{"rendered":"<p>[vc_row full_width=&#8221;stretch_row&#8221;][vc_column]<h4 class=\"sc_title sc_title_regular sc_align_center\" style=\"margin-top:0.65em;text-align:center;font-size:1.8461em;\">A partnereink \u00e1ltal leselejtezett, haszn\u00e1lt elektronikai eszk\u00f6z\u00f6k \u00e9s b\u00fatorok \u00fajrahaszn\u00e1lat\u00e1r\u00f3l sok\u00e9ves szakmai tapasztalatunkra t\u00e1maszkodva gondoskodunk.<br \/><br \/>Az esetek t\u00f6bbs\u00e9g\u00e9ben egy-k\u00e9t alkatr\u00e9sz kicser\u00e9l\u00e9s\u00e9vel vagy jav\u00edt\u00e1s\u00e1val \u00fajra \u00fczembe helyezhet\u0151k ezek az eszk\u00f6z\u00f6k. Ez mind\u00f6sszesen n\u00e9h\u00e1ny \u00f3r\u00e1s ut\u00e1naj\u00e1r\u00e1st \u00e9s jav\u00edt\u00e1st jelent, ami ut\u00e1n m\u00e9g \u00e9vekig m\u0171k\u00f6d\u0151k\u00e9pesek lehetnek. Ezek a l\u00e9p\u00e9sek elengedhetetlenek a k\u00f6rnyezet v\u00e9delme \u00e9s \u00f6kol\u00f3giai l\u00e1bnyomunk cs\u00f6kkent\u00e9se \u00e9rdek\u00e9ben.<br \/><br \/>Szakmai tapasztalatunk, kereskedelmi j\u00e1rtass\u00e1gunk \u00e9s hullad\u00e9ksz\u00e1ll\u00edt\u00e1si enged\u00e9ly\u00fcnk birtok\u00e1ban felaj\u00e1nljuk egy\u00fcttm\u0171k\u00f6d\u00e9s\u00fcnket az egyre s\u00falyosbod\u00f3 k\u00f6rnyezeti probl\u00e9m\u00e1k megold\u00e1s\u00e1ra.<br \/><br \/>C\u00e9g\u00fcnk elk\u00f6telezetten dolgozik a k\u00f6rnyezetszennyez\u00e9s \u00e9s hullad\u00e9ktermel\u00e9s cs\u00f6kkent\u00e9se \u00e9rdek\u00e9ben.<\/h4>[\/vc_column][\/vc_row][vc_row full_width=&#8221;stretch_row_content_no_spaces&#8221;][vc_column]<div class=\"sc_line sc_line_style_solid\" style=\"margin-top:0.15em;margin-bottom:3.5em;border-top-style:solid;\"><\/div>[\/vc_column][\/vc_row][vc_row][vc_column width=&#8221;1\/2&#8243;]<figure class=\"sc_image  sc_image_shape_square\"><a href=\"https:\/\/www.ccelektro.hu\/index.php\/services\/\"><img src=\"https:\/\/www.ccelektro.hu\/wp-content\/uploads\/2024\/03\/szolgaltatasok.png\" alt=\"\" \/><\/a><\/figure><br \/>[\/vc_column][vc_column width=&#8221;1\/2&#8243;]<figure class=\"sc_image  sc_image_shape_square\"><a href=\"https:\/\/www.ccelektro.hu\/wp-content\/uploads\/2024\/01\/arajanlatkero-2024-1.doc\"><img src=\"https:\/\/www.ccelektro.hu\/wp-content\/uploads\/2024\/03\/arajanlatkeres.png\" alt=\"\" \/><\/a><\/figure><br \/>[\/vc_column][\/vc_row][vc_row][vc_column]<h3 class=\"sc_title sc_title_regular\" style=\"margin-top:1.05em;margin-bottom:1em;\">C&amp;C Elektro h\u00edrek<\/h3><div id=\"sc_blogger_616794446\" class=\"sc_blogger layout_classic_2 template_masonri  sc_blogger_horizontal\" style=\"margin-bottom:2.2em;\"><div class=\"isotope_wrap\" data-columns=\"2\">\t\t<div class=\"isotope_item isotope_item_classic isotope_item_classic_2 isotope_column_2\t\t\t\t\t\">\n\t\t\t<div class=\"post_item post_item_classic post_item_classic_2\t\t\t\t  post_format_standard odd\">\n\t\t\t\t\n\t\t\t\t\t\t\t\t\t<div class=\"post_featured\">\n\t\t\t\t\t\t\t\t\t\t\t\t<div class=\"post_thumb\" data-image=\"https:\/\/www.ccelektro.hu\/wp-content\/uploads\/2016\/05\/laptops-with-symbol.jpg\" data-title=\"Honlapunk meg\u00fajult!\">\n\t\t\t\t\t\t<a class=\"hover_icon hover_icon_link\" href=\"https:\/\/www.ccelektro.hu\/index.php\/2022\/02\/21\/honlapunk-megujult\/\"><img class=\"wp-post-image\" width=\"870\" height=\"490\" alt=\"Honlapunk meg\u00fajult!\" src=\"https:\/\/www.ccelektro.hu\/wp-content\/uploads\/2016\/05\/laptops-with-symbol-870x490.jpg\"><\/a>\t\t\t\t\t\t<\/div>\n\t\t\t\t\t\t\t\t\t\t\t<\/div>\n\t\t\t\t\n\t\t\t\t<div class=\"post_content isotope_item_content\">\n\t\t\t\t\t\n\t\t\t\t\t\t\t\t\t\t\t\t<h4 class=\"post_title\"><a href=\"https:\/\/www.ccelektro.hu\/index.php\/2022\/02\/21\/honlapunk-megujult\/\">Honlapunk meg\u00fajult!<\/a><\/h4>\n\t\t\t\t\t\t\t\t\t\t\t\t\t<div class=\"post_info\">\n\t\t\t\t\t\t\t\t\t<span class=\"post_info_item post_info_posted\"><a href=\"https:\/\/www.ccelektro.hu\/index.php\/2022\/02\/21\/honlapunk-megujult\/\" class=\"post_info_date\">2022-02-21<\/a><\/span>\n\t\t\t\t\t\t\t\t\t\t<span class=\"post_info_item post_info_counters\">\t<a class=\"post_counters_item post_counters_comments icon-chat-empty\" title=\"Comments - 0\" href=\"https:\/\/www.ccelektro.hu\/index.php\/2022\/02\/21\/honlapunk-megujult\/#respond\"><span class=\"post_counters_number\">0<\/span><\/a>\n\t    <a class=\"post_counters_item post_counters_likes icon-heart-empty enabled\" title=\"Tetszik\" href=\"#\"\n       data-postid=\"156\"\n       data-likes=\"0\"\n       data-title-like=\"Tetszik\"\n       data-title-dislike=\"Nem Tetszik\"><span class=\"post_counters_number\">0<\/span><\/a>\n<\/span>\n\t\t\t\t\t\t\t\t<\/div>\n\n\t\t\t\t\t<div class=\"post_descr\">\n\t\t\t\t\t\t<p>\u00d6r\u00f6mmel k\u00f6sz\u00f6ntj\u00fck&nbsp;a C&amp;C Elektro Bt.&nbsp;tartalm\u00e1ban, szerkezet\u00e9ben \u00e9s arculat\u00e1ban meg\u00faj\u00edtott honlapj\u00e1n. A...<\/p><a href=\"https:\/\/www.ccelektro.hu\/index.php\/2022\/02\/21\/honlapunk-megujult\/\" class=\"post_readmore\"><span class=\"post_readmore_label\">B\u0150VEBBEN\u2026<\/span><\/a>\t\t\t\t\t<\/div>\n\n\t\t\t\t<\/div>\t\t\t\t<!-- \/.post_content -->\n\t\t\t<\/div>\t<!-- \/.post_item -->\n\t\t<\/div>\t\t\t\t\t\t<!-- \/.isotope_item -->\n\t\t<\/div><\/div>[\/vc_column][\/vc_row]<\/p>\n","protected":false},"excerpt":{"rendered":"<p>[vc_row full_width=&#8221;stretch_row&#8221;][vc_column][\/vc_column][\/vc_row][vc_row full_width=&#8221;stretch_row_content_no_spaces&#8221;][vc_column][\/vc_column][\/vc_row][vc_row][vc_column width=&#8221;1\/2&#8243;][\/vc_column][vc_column width=&#8221;1\/2&#8243;][\/vc_column][\/vc_row][vc_row][vc_column][\/vc_column][\/vc_row]<\/p>\n","protected":false},"author":1,"featured_media":0,"parent":0,"menu_order":0,"comment_status":"closed","ping_status":"closed","template":"","meta":{"ngg_post_thumbnail":0},"_links":{"self":[{"href":"https:\/\/www.ccelektro.hu\/index.php\/wp-json\/wp\/v2\/pages\/6"}],"collection":[{"href":"https:\/\/www.ccelektro.hu\/index.php\/wp-json\/wp\/v2\/pages"}],"about":[{"href":"https:\/\/www.ccelektro.hu\/index.php\/wp-json\/wp\/v2\/types\/page"}],"author":[{"embeddable":true,"href":"https:\/\/www.ccelektro.hu\/index.php\/wp-json\/wp\/v2\/users\/1"}],"replies":[{"embeddable":true,"href":"https:\/\/www.ccelektro.hu\/index.php\/wp-json\/wp\/v2\/comments?post=6"}],"version-history":[{"count":100,"href":"https:\/\/www.ccelektro.hu\/index.php\/wp-json\/wp\/v2\/pages\/6\/revisions"}],"predecessor-version":[{"id":2090,"href":"https:\/\/www.ccelektro.hu\/index.php\/wp-json\/wp\/v2\/pages\/6\/revisions\/2090"}],"wp:attachment":[{"href":"https:\/\/www.ccelektro.hu\/index.php\/wp-json\/wp\/v2\/media?parent=6"}],"curies":[{"name":"wp","href":"https:\/\/api.w.org\/{rel}","templated":true}]}}