{"id":212,"date":"2015-08-25T14:36:28","date_gmt":"2015-08-25T14:36:28","guid":{"rendered":"http:\/\/ecoenergy.ancorathemes.com\/?page_id=212"},"modified":"2024-01-11T07:27:12","modified_gmt":"2024-01-11T07:27:12","slug":"212-2","status":"publish","type":"page","link":"https:\/\/www.ccelektro.hu\/index.php\/212-2\/","title":{"rendered":"Magunkr\u00f3l"},"content":{"rendered":"<p>[vc_row][vc_column]<div class=\"columns_wrap sc_columns columns_nofluid sc_columns_count_1\"><div class=\"column-1_1 sc_column_item sc_column_item_1 odd first\"><h3 class=\"sc_title sc_title_regular\" style=\"margin-top:0.1em;margin-bottom:0.6em;\">C&amp;C Elektro Kereskedelmi \u00e9s Szolg\u00e1ltat\u00f3 Bt.<\/h3><div class=\"sc_section\"><div class=\"sc_section_inner\"><span class=\"sc_icon icon-leaf sc_icon_shape_round alignleft round_icon\" style=\"font-size:2.307em; line-height: 1.2em;color:#ffa200;\"><\/span><div class=\"sc_section pr2\" style=\"margin-left:8.1em !important;\"><div class=\"sc_section_inner\">[vc_column_text]C\u00e9g\u00fcnk a C&amp;C Elektro Kereskedelmi \u00e9s Szolg\u00e1ltat\u00f3 Bt. haszn\u00e1lt, leselejtezett elektronikai eszk\u00f6z\u00f6k \u00e9s b\u00fatorok \u00e1tv\u00e9tel\u00e9vel foglalkozik 2004 \u00f3ta.<\/p>\n<p>A hullad\u00e9ksz\u00e1ll\u00edt\u00e1si, gy\u0171jt\u00e9si \u00e9s kereskedelmi tev\u00e9kenys\u00e9gek v\u00e9gz\u00e9s\u00e9hez sz\u00fcks\u00e9ges enged\u00e9ly\u00fcnket a Pest Megyei Korm\u00e1nyhivatal a PE\/KTFO\/01791-7\/2020. sz\u00e1mon bocs\u00e1totta ki.[\/vc_column_text]<\/div><\/div><\/div><\/div><div class=\"sc_line sc_line_style_solid\" style=\"margin-top:1.75em;margin-bottom:1.75em;border-top-style:solid;\"><\/div><div class=\"sc_section\"><div class=\"sc_section_inner\"><span class=\"sc_icon icon-sun sc_icon_shape_round alignleft round_icon\" style=\"font-size:2.307em; line-height: 1.2em;color:#ffa200;\"><\/span><div class=\"sc_section pr2\" style=\"margin-left:8.1em !important;\"><div class=\"sc_section_inner\">[vc_column_text]<\/p>\n<p>F\u0151 c\u00e9lkit\u0171z\u00e9s\u00fcnk a hullad\u00e9k keletkez\u00e9s\u00e9nek megel\u0151z\u00e9se, m\u00e9rs\u00e9kl\u00e9se tiszt\u00edt\u00e1s, jav\u00edt\u00e1s, haszn\u00e1latra val\u00f3 alkalmass\u00e1 t\u00e9tel \u00fatj\u00e1n.<\/p>\n<p>T\u00f6bb \u00e9ves szakmai tapasztalatunk \u00e9s hullad\u00e9kgy\u0171jt\u00e9si, hullad\u00e9ksz\u00e1ll\u00edt\u00e1si \u00e9s kereskedelmi enged\u00e9lyeink birtok\u00e1ban felaj\u00e1nljuk egy\u00fcttm\u0171k\u00f6d\u00e9s\u00fcnket az egyre s\u00falyosbod\u00f3 k\u00f6rnyezeti probl\u00e9m\u00e1k megold\u00e1s\u00e1ra.<\/p>\n<p>Az \u00fajra nem hasznos\u00edthat\u00f3, hullad\u00e9kk\u00e1 v\u00e1l\u00f3 eszk\u00f6z\u00f6kr\u0151l megfelel\u0151en gondoskodunk, azokat szak\u00e9rt\u0151 partnereinknek kezel\u00e9sre \u00e1tadjuk.<\/p>\n<p>G\u00e9pj\u00e1rm\u0171parkunk \u00e9s tapasztalt koll\u00e9g\u00e1ink seg\u00edts\u00e9g\u00e9vel c\u00e9g\u00fcnk minden megrendel\u00e9sn\u00e9l prec\u00edzen, megb\u00edzhat\u00f3an \u00e9s k\u00f6lts\u00e9ghat\u00e9konyan v\u00e9gzi el a megrendelt szolg\u00e1ltat\u00e1st.[\/vc_column_text]<\/div><\/div><\/div><\/div><\/div><\/div>[\/vc_column][\/vc_row][vc_row full_width=&#8221;stretch_row_content_no_spaces&#8221;][vc_column]<div class=\"sc_line sc_line_style_solid\" style=\"margin-top:4.3em;border-top-style:solid;\"><\/div><figure class=\"sc_image  sc_image_shape_square\"><img src=\"https:\/\/www.ccelektro.hu\/wp-content\/uploads\/2016\/04\/Screenshot_2016-03-16-11-41-19.png\" alt=\"\" \/><\/figure>[\/vc_column][\/vc_row][vc_row][vc_column]<h3 class=\"sc_title sc_title_regular\" style=\"margin-top:1.55em;margin-bottom:1em;\">H\u00edreink<\/h3><div id=\"sc_blogger_1935357480\" class=\"sc_blogger layout_classic_4 template_masonri  sc_blogger_horizontal\" style=\"margin-bottom:2.5em;\"><div class=\"isotope_wrap\" data-columns=\"4\"><\/div><\/div>[\/vc_column][\/vc_row]<\/p>\n","protected":false},"excerpt":{"rendered":"<p>[vc_row][vc_column][\/vc_column][\/vc_row][vc_row full_width=&#8221;stretch_row_content_no_spaces&#8221;][vc_column][\/vc_column][\/vc_row][vc_row][vc_column][\/vc_column][\/vc_row]<\/p>\n","protected":false},"author":1,"featured_media":0,"parent":0,"menu_order":0,"comment_status":"closed","ping_status":"closed","template":"","meta":{"ngg_post_thumbnail":0},"_links":{"self":[{"href":"https:\/\/www.ccelektro.hu\/index.php\/wp-json\/wp\/v2\/pages\/212"}],"collection":[{"href":"https:\/\/www.ccelektro.hu\/index.php\/wp-json\/wp\/v2\/pages"}],"about":[{"href":"https:\/\/www.ccelektro.hu\/index.php\/wp-json\/wp\/v2\/types\/page"}],"author":[{"embeddable":true,"href":"https:\/\/www.ccelektro.hu\/index.php\/wp-json\/wp\/v2\/users\/1"}],"replies":[{"embeddable":true,"href":"https:\/\/www.ccelektro.hu\/index.php\/wp-json\/wp\/v2\/comments?post=212"}],"version-history":[{"count":40,"href":"https:\/\/www.ccelektro.hu\/index.php\/wp-json\/wp\/v2\/pages\/212\/revisions"}],"predecessor-version":[{"id":2030,"href":"https:\/\/www.ccelektro.hu\/index.php\/wp-json\/wp\/v2\/pages\/212\/revisions\/2030"}],"wp:attachment":[{"href":"https:\/\/www.ccelektro.hu\/index.php\/wp-json\/wp\/v2\/media?parent=212"}],"curies":[{"name":"wp","href":"https:\/\/api.w.org\/{rel}","templated":true}]}}

Magunkról

<p>[vc_row][vc_column]<div class="columns_wrap sc_columns columns_nofluid sc_columns_count_1"><div class="column-1_1 sc_column_item sc_column_item_1 odd first"><h3 class="sc_title sc_title_regular" style="margin-top:0.1em;margin-bottom:0.6em;">C&amp;C Elektro Kereskedelmi és Szolgáltató Bt.</h3><div class="sc_section"><div class="sc_section_inner"><span class="sc_icon icon-leaf sc_icon_shape_round alignleft round_icon" style="font-size:2.307em; line-height: 1.2em;color:#ffa200;"></span><div class="sc_section pr2" style="margin-left:8.1em !important;"><div class="sc_section_inner">[vc_column_text]Cégünk a C&amp;C Elektro Kereskedelmi és Szolgáltató Bt. használt, leselejtezett elektronikai eszközök és bútorok átvételével foglalkozik 2004 óta.</p>
<p>A hulladékszállítási, gyűjtési és kereskedelmi tevékenységek végzéséhez szükséges engedélyünket a Pest Megyei Kormányhivatal a PE/KTFO/01791-7/2020. számon bocsátotta ki.[/vc_column_text]</div></div></div></div><div class="sc_line sc_line_style_solid" style="margin-top:1.75em;margin-bottom:1.75em;border-top-style:solid;"></div><div class="sc_section"><div class="sc_section_inner"><span class="sc_icon icon-sun sc_icon_shape_round alignleft round_icon" style="font-size:2.307em; line-height: 1.2em;color:#ffa200;"></span><div class="sc_section pr2" style="margin-left:8.1em !important;"><div class="sc_section_inner">[vc_column_text]</p>
<p>Fő célkitűzésünk a hulladék keletkezésének megelőzése, mérséklése tisztítás, javítás, használatra való alkalmassá tétel útján.</p>
<p>Több éves szakmai tapasztalatunk és hulladékgyűjtési, hulladékszállítási és kereskedelmi engedélyeink birtokában felajánljuk együttműködésünket az egyre súlyosbodó környezeti problémák megoldására.</p>
<p>Az újra nem hasznosítható, hulladékká váló eszközökről megfelelően gondoskodunk, azokat szakértő partnereinknek kezelésre átadjuk.</p>
<p>Gépjárműparkunk és tapasztalt kollégáink segítségével cégünk minden megrendelésnél precízen, megbízhatóan és költséghatékonyan végzi el a megrendelt szolgáltatást.[/vc_column_text]</div></div></div></div></div></div>[/vc_column][/vc_row][vc_row full_width=&#8221;stretch_row_content_no_spaces&#8221;][vc_column]<div class="sc_line sc_line_style_solid" style="margin-top:4.3em;border-top-style:solid;"></div><figure class="sc_image  sc_image_shape_square"><img src="https://www.ccelektro.hu/wp-content/uploads/2016/04/Screenshot_2016-03-16-11-41-19.png" alt="" /></figure>[/vc_column][/vc_row][vc_row][vc_column]<h3 class="sc_title sc_title_regular" style="margin-top:1.55em;margin-bottom:1em;">Híreink</h3><div id="sc_blogger_1935357480" class="sc_blogger layout_classic_4 template_masonri  sc_blogger_horizontal" style="margin-bottom:2.5em;"><div class="isotope_wrap" data-columns="4"></div></div>[/vc_column][/vc_row]</p>
